2837, 302009
What are the prime factors of 367167084?
2, 3, 30597257
What are the prime factors of 85869507?
3, 977, 29297
What are the prime factors of 11129418?
2, 3, 618301
List the prime factors of 1412345829.
3, 19, 1321, 18757
What are the prime factors of 1028055992?
2, 2339, 54941
What are the prime factors of 894501139?
7, 6481, 19717
What are the prime factors of 1195007625?
3, 5, 7, 43, 3529
What are the prime factors of 1915213872?
2, 3, 11, 13, 279023
List the prime factors of 1188203373.
3, 7, 1163, 16217
What are the prime factors of 905428383?
3, 6917, 43633
List the prime factors of 2951143796.
2, 737785949
List the prime factors of 44246205.
3, 5, 137, 7177
What are the prime factors of 1233345697?
241, 607, 8431
List the prime factors of 2237178766.
2, 23, 48634321
List the prime factors of 33729237.
3, 19, 37, 1777
List the prime factors of 1810143195.
3, 5, 7, 47, 79, 4643
What are the prime factors of 947545225?
5, 11, 31, 111149
What are the prime factors of 132917788?
2, 29, 1145843
What are the prime factors of 872594963?
6257, 139459
What are the prime factors of 373585019?
73, 5117603
List the prime factors of 2489130942.
2, 3, 107, 3877151
What are the prime factors of 301012923?
3, 2129, 47129
List the prime factors of 2881614952.
2, 2143, 168083
What are the prime factors of 398196028?
2, 99549007
List the prime factors of 4266909274.
2, 313, 6816149
What are the prime factors of 3751107?
3, 367, 3407
List the prime factors of 13046925.
3, 5, 73, 2383
List the prime factors of 198275237.
373, 531569
List the prime factors of 5981114.
2, 2990557
List the prime factors of 1002461827.
5923, 169249
What are the prime factors of 841289682?
2, 3, 197, 711751
What are the prime factors of 604432664?
2, 11, 6868553
List the prime factors of 781921965.
3, 5, 11, 430811
What are the prime factors of 1279896753?
3, 19, 22454329
What are the prime factors of 183597320?
2, 5, 4589933
List the prime factors of 857413947.
3, 13, 101, 109, 1997
List the prime factors of 25811911.
23, 43, 26099
List the prime factors of 29095241.
7, 167, 24889
What are the prime factors of 9265605?
3, 5, 617707
What are the prime factors of 238287023?
13, 18329771
What are the prime factors of 82772828?
2, 47, 440281
List the prime factors of 1094776773.
3, 863, 422857
What are the prime factors of 391543980?
2, 3, 5, 67, 173, 563
What are the prime factors of 69176007?
3, 7686223
List the prime factors of 5943462821.
23, 258411427
List the prime factors of 73815000.
2, 3, 5, 7, 19, 37
List the prime factors of 51283143.
3, 1399, 4073
List the prime factors of 15397994.
2, 23, 37, 83, 109
What are the prime factors of 187851132?
2, 3, 7, 239, 3119
What are the prime factors of 176702548?
2, 11, 1997, 2011
What are the prime factors of 532527346?
2, 13, 17, 1204813
What are the prime factors of 147878753?
11, 23, 577, 1013
List the prime factors of 10229640.
2, 3, 5, 85247
List the prime factors of 24269743.
37, 521, 1259
What are the prime factors of 578568053?
7, 43, 1922153
What are the prime factors of 1053965840?
2, 5, 13174573
What are the prime factors of 743714024?
2, 157, 592129
List the prime factors of 62958617.
3821, 16477
What are the prime factors of 117654808?
2, 2699, 5449
What are the prime factors of 5588626989?
3, 11, 169352333
List the prime factors of 12330568.
2, 29, 53149
List the prime factors of 53969194.
2, 919, 29363
List the prime factors of 45347027.
11, 79, 52183
List the prime factors of 941164035.
3, 5, 7, 1867, 4801
What are the prime factors of 4270292?
2, 13, 6317
What are the prime factors of 192083740?
2, 5, 9604187
What are the prime factors of 96281372?
2, 11, 2188213
What are the prime factors of 637798251?
3, 19, 1031, 10853
List the prime factors of 2329947893.
7, 13, 53, 9859
List the prime factors of 303996352.
2, 11, 19, 22727
What are the prime factors of 2287576536?
2, 3, 7, 13616527
What are the prime factors of 443368036?
2, 110842009
What are the prime factors of 1374409600?
2, 5, 429503
What are the prime factors of 4681820038?
2, 7, 59, 5668063
List the prime factors of 15839916.
2, 3, 23, 29, 1979
List the prime factors of 23013997.
19, 31, 41, 953
What are the prime factors of 1031196050?
2, 5, 20623921
List the prime factors of 257279297.
11, 23389027
What are the prime factors of 300940333?
300940333
List the prime factors of 282771130.
2, 5, 157, 233, 773
What are the prime factors of 82122363?
3, 71, 42839
What are the prime factors of 1046880273?
3, 863, 404357
What are the prime factors of 141001702?
2, 31, 2274221
List the prime factors of 64544665.
5, 17, 167, 4547
List the prime factors of 1531697042.
2, 17, 31, 1453223
List the prime factors of 134468152.
2, 7, 13, 26387
What are the prime factors of 3147396906?
2, 3, 3079, 170369
List the prime factors of 15632743.
7, 389, 5741
List the prime factors of 1476139105.
5, 7, 47, 897349
What are the prime factors of 740656940?
2, 5, 43, 821, 1049
List the prime factors of 4398657350.
2, 5, 17, 5174891
What are the prime factors of 4146558836?
2, 7, 5167, 28661
List the prime factors of 310833063.
3, 23, 31, 59, 821
What are the prime factors of 101182523?
13, 479, 16249
List the prime factors of 2126849797.
19, 10091, 11093
List the prime factors of 136928665.
5, 27385733
What are the prime factors of 46924597?
46924597
What are the prime factors of 863018616?
2, 3, 5927, 6067
List the prime factors of 140893723.
73, 641, 3011
What are the prime factors of 255818308?
2, 63954577
List the prime factors of 1804820361.
3, 211, 379, 7523
List the prime factors of 287347316.
2, 4421, 16249
List the prime factors of 47153863.
67, 703789
What are the prime factors of 108858186?
2, 3, 59, 102503
What are the prime factors of 1634869962?
2, 3, 11, 68239
List the prime factors of 2382606152.
2, 1453, 204973
What are the prime factors of 3581628540?
2, 3, 5, 7, 23, 52967
List the prime factors of 170622900.
2, 3, 5, 7, 53, 73
List the prime factors of 74468861.
61, 1220801
What are the prime factors of 172721759?
7, 24674537
What are the prime factors of 105784069?
105784069
List the prime factors of 729812174.
2, 7, 13, 61, 9391
What are the prime factors of 3245775091?
13, 29, 8609483
What are the prime factors of 238035658?
2, 7, 2689, 6323
List the prime factors of 23851395.
3, 5, 176677
What are the prime factors of 388070596?
2, 107, 906707
List the prime factors of 10889329.
11, 989939
What are the prime factors of 2859179672?
2, 357397459
List the prime factors of 66933980.
2, 5, 1361, 2459
What are the prime factors of 59669835?
3, 5, 73, 54493
What are the prime factors of 367361316?
2, 3, 7, 1457783
What are the prime factors of 5271447085?
5, 1054289417
List the prime factors of 1036810840.
2, 5, 13, 43, 89, 521
What are the prime factors of 203166010?
2, 5, 173, 117437
What are the prime factors of 477945828?
2, 3, 3491, 3803
List the prime factors of 1632244540.
2, 5, 81612227
List the prime factors of 94912821.
3, 10545869
What are the prime factors of 106013954?
2, 37, 1432621
List the prime factors of 653983709.
47, 2659, 5233
List the prime factors of 939713466.
2, 3, 241, 649871
What are the prime factors of 139021236?
2, 3, 31, 43, 2897
What are the prime factors of 43499886?
2, 3, 7249981
What are the prime factors of 423192396?
2, 3, 11, 19, 168737
List the prime factors of 15202477.
283, 53719
List the prime factors of 116687982.
2, 3, 43, 452279
What are the prime factors of 160049989?
11, 149, 97651
What are the prime factors of 48990462?
2, 3, 8165077
List the prime factors of 68254092.
2, 3, 241, 7867
What are the prime factors of 239235906?
2, 3, 7, 13, 29, 521
What are the prime factors of 75198163?
631, 119173
What are the prime factors of 926442250?
2, 5, 3705769
What are the prime factors of 949776782?
2, 15061, 31531
List the prime factors of 7018760264.
2, 29, 109, 433, 641
What are the prime factors of 1353441820?
2, 5, 19, 3561689
What are the prime factors of 42449570?
2, 5, 1801, 2357
What are the prime factors of 441933293?
19, 23, 1011289
What are the prime factors of 95481041?
95481041
List the prime factors of 3399532704.
2, 3, 17, 694349
List the prime factors of 101391411.
3, 11, 3072467
List the prime